at is y(-9)?
-1
Let t(i) = -i + 1. Let d(h) = -h + 2. Let p(b) = -2*d(b) + 3*t(b). Calculate p(0).
-1
Let h(g) = -g - 19. Let o(c) = 2*c**2 + 22*c + 20. Let i be o(-10). Determine h(i).
-19
Let j(h) = 5*h**2 + 5*h + 19. Let g(r) = 9*r**2 + 6*r + 38. Let z(k) = -3*k**2 - 2*k - 13. Let m(t) = -4*g(t) - 11*z(t). Let i(n) = 6*j(n) + 13*m(n). Give i(2).
-31
Suppose 0 = 14*o - 37*o + 69. Let r(h) = 3*h - 4*h - 4 + 2*h. What is r(o)?
-1
Suppose -q - q = -4*h + 22, -3*q + 22 = 5*h. Let n(w) be the third derivative of 0*w - 14*w**2 - 1/12*w**4 + 0 + 1/60*w**5 - 1/6*w**3. Give n(h).
14
Suppose -2*p = -3*d, -2*d - 4 = -0*p - 2*p. Let y(a) = -11*a - 2 + 10*a - 2 + 6. Give y(p).
-4
Suppose -2*u = -36 + 30. Let x be 2 + (0 - u/6)*2. Let o(m) = 9*m**3 + m**2 - m + 1. Calculate o(x).
10
Let v(t) = 3*t + 8. Let h be -3*(-4)/(-3)*1. Let o be v(h). Let p(b) = -2*b**2 + 2*b + 8. Let x(c) = 3*c**2 - c - 9. Let l(q) = o*p(q) - 3*x(q). Give l(-5).
-5
Let j(w) be the first derivative of -w**5/20 + w**3/6 + 7*w**2/2 - 4*w - 1. Let z(v) be the first derivative of j(v). Determine z(0).
7
Let p(k) = -k**3 - k**2 + 2. Let x be p(2). Let o = x - -14. Let q(h) = -3 - 2 + o + 2 - 7*h**3. Calculate q(-1).
8
Suppose 0 = -13*o - 7*o + 20. Let h(j) = -3*j + 11. Let t(x) = x - 4. Let q(c) = 4*h(c) + 11*t(c). Let y be q(o). Let k(u) = 5*u**3 - u**2 + 1. Determine k(y).
-5
Let j(q) = -q**3 + 8*q**2 - 6*q - 25. Let z be j(6). Let n(t) = -2*t**2 + 19*t + 28. What is n(z)?
-5
Let b(r) = -4*r**2 + 7*r**2 + 5*r - r - r**2. Let c(k) = -6*k + 50. Let m be c(9). Calculate b(m).
16
Let o(z) = 2*z + 9. Suppose -19*d = 59*d + 624. Give o(d).
-7
Let u(z) = z**3 + 3*z**2 - 2. Let m be u(-2). Let d(t) = 2*t**3 + 29*t - 6 - 26*t - t**3 - 4*t**m. Suppose -3*h - 2 = -14. Determine d(h).
6
Suppose 3*q - 5*q - 3*l + 20 = 0, 3*q - 16 = -l. Let y(x) = 2*x - 2. Calculate y(q).
6
Let v = -446 - -893/2. Let n(d) be the second derivative of v*d**2 + 0 - 1/2*d**4 + 1/6*d**3 - 2*d. Give n(-1).
-6
Suppose 5*v - 2 = 8, -10 = -5*b + 5*v. Let f be ((-4)/(-8))/(b/(-40)). Let y(x) = -x - 2. Give y(f).
3
Let g(h) = -2*h + 7. Let u be -4 + 6 + -6 + 5/(-1). Calculate g(u).
25
Suppose 3*a - 9*a = -36. Let g(o) = 2*o - 14. Calculate g(a).
-2
Suppose 29*z - 95 = 108. Let a(d) = 5*d - 35. Give a(z).
0
Suppose 283 = -4*x + 283. Let j(m) = m**2 + 4. Calculate j(x).
4
Let j(g) be the first derivative of g**4/12 + g**3/3 + 2*g**2 - 17. Let p(v) be the second derivative of j(v). Give p(-2).
-2
Let m be ((-4)/(-1))/(-2 + 3). Suppose -6*x = j - x + m, 2*j - x = 47. Let o be (-2)/(-3) - (-28)/j. Let z(h) = h**2 - 4*h. Calculate z(o).
-4
Let m(x) = x**3 - 2*x**2 - 6*x + 3. Suppose -2*r - 8 = 0, -4*a + a - 2*r = -10. Suppose 0 = 2*v - a*v + 16. What is m(v)?
11
Let u(h) = h + 5. Let k(b) = -b**2 - 2*b + 6. Let l be k(-3). Suppose l*n - 10 = 2*d, d - n = 3*d + 10. What is u(d)?
0
Let j be (-3)/7 + 0 + (-909)/(-63). Suppose -2*m - 4*z = -5*m + j, 4*m = 5*z + 18. Let u(d) = 2*d + 3 + 4*d**3 - 6*d - 5*d**3 + 3*d**2. What is u(m)?
-1
Let l(h) = -h - 9. Suppose 4*y - 32 = u + 2*u, u = -4*y. What is l(u)?
-1
Let h(y) = -11*y**3 + y**2 - y + 1. Let x(a) = -6*a - 3 - 50*a**3 - 5*a**2 + 4 + 49*a**3. Let r be x(-2). Calculate h(r).
-10
Let s(c) = -2*c**3 - c**2. Suppose -2*j + 2*z + 13 = -3*z, z = -2*j + 19. Let u = j - 4. Suppose 0*v + u*v + 5 = 0. Calculate s(v).
1
Suppose 0 = -2*c + 5 - 9. Let i be c*(-1)/(2/(-5)). Let u(o) = -6*o**3 + 3*o**2 + 7. Let t(w) = -w**3 + w**2 - w + 1. Let q(g) = i*t(g) + u(g). Determine q(-3).
-4
Suppose 2*i = -h + 7, -16*i - 5 = -17*i - 2*h. Let k(y) be the first derivative of 2 + 0*y**2 - 1/4*y**4 + 1/3*y**i - y. Calculate k(-1).
1
Let u = 1249/2 + -624. Let f(j) be the third derivative of -u*j**3 + 0*j - 2*j**2 + 0 - 1/12*j**4. What is f(-4)?
5
Let p(c) be the first derivative of 2/3*c**3 + 0*c - 9/4*c**4 + 4 - 1/2*c**2. Suppose 4*z + 14 = -6, 18 = -2*q - 4*z. What is p(q)?
-8
Let y(d) = 2*d**2 + 5*d + 5. Suppose -18*c - 4 = -19*c. Suppose 43 + 1 = c*m. Suppose 2*h - 8 = 4*w, -4*h - 5 = m. Calculate y(w).
17
Let r(v) = 3*v**2 - v. Let p be (-6 - -5)*(0 - 1). Let x be r(p). Let b be 6/x + -2 + -1. Let z(t) = -t**3 + t + 7. Determine z(b).
7
Let m = -316 + 316. Let d(k) = -k**2 + k - 13. Give d(m).
-13
Let q = -213 - -207. Let y(m) = -2*m**2 - 2*m + 1. Determine y(q).
-59
Let v(n) = -n**3 + 8*n**2 + 14*n - 5. Let f = -198 + 207. Determine v(f).
40
Let t(u) = u**3 - u**2 - 7*u - 6. Let g be t(5). Suppose -63*o + g*o = 8. Let f(m) = -1 + 4*m - 5*m + 3*m. Determine f(o).
-5
Let g(u) = -5*u - 2. Let d = 31 + -26. Let c = -25 + d. Let n = -17 - c. What is g(n)?
-17
Let o(a) = 6 + 0 - 5*a + 3*a. Let w(h) = 2*h + 33. Let p be w(-14). Calculate o(p).
-4
Suppose 0*r + 3*r = -5*u + 21, 3*u = -3*r + 27. Suppose -5*z = -3*z - r. Let v(d) = -d**3 + 7*d**2 - 3*d - 7. What is v(z)?
11
Let z(l) be the second derivative of l**3/6 + 7*l**2 - 486*l. Calculate z(0).
14
Let d(n) = -14*n. Suppose 5*x = -4*s - 91, 5*x + 4 + 0 = -s. Let l = 13 + s. Let w = 15 + l. Determine d(w).
14
Let s be (7 - (-253)/(-44))/((-2)/(-8)). Let g(d) = -3*d + 15. What is g(s)?
0
Let z(d) = d - 3. Suppose -n + 2*n + 11 = 3*i, -n - 2 = 0. Let u be (3/(-2))/(4/(-8)). Let a be 11/i - 2/u. Calculate z(a).
0
Suppose 13*x + 210 - 2 = 0. Let c(f) = f + 19. What is c(x)?
3
Let s(v) = v**3 - 6*v**2 - v + 8. Let b(w) = 36 + 39*w + 45*w - 89*w. Let a be b(6). Give s(a).
2
Let a(u) be the third derivative of 0 - 1/6*u**4 + 0*u**3 - 3*u**2 + 0*u. Let j be -2 - (0 - 0) - (-2 - -1). Determine a(j).
4
Suppose 5*v + u = 6*v - 4, 4 = -u. Let r(d) = -2*d + 28. Give r(v).
28
Let j be (-8)/12 - (-22)/6. Let s(n) = 2*n**2 + 2*n**j + 2 - 5*n + 5*n. Let z be ((-3)/((-105)/14))/(2/(-10)). Give s(z).
-6
Let x(z) = z**2 - 4. Let p(m) = 42 - 29*m - 24*m - 21*m + 69*m. Let i be p(9). Calculate x(i).
5
Let z(j) = -179*j + j**2 - 6 + 361*j - 178*j. Let y = -19 - -2. Let c = y + 11. Give z(c).
6
Let n(j) = -j**3 + 13*j**2 - 3. Let d(w) = -w**3 - w**2 - 2*w + 13. Let q be d(0). Let l be n(q). Let f(p) = p**2 + 3*p + 1. Calculate f(l).
1
Let h(r) = -2*r - 135. Let m(d) = -d - 76. Let z(g) = 4*h(g) - 7*m(g). Let l = 18 - 25. Calculate z(l).
-1
Let t be (3/2)/(2/(-4)). Let u(w) = -w + 96 - 284 + 92 + 97. What is u(t)?
4
Let c(d) = -12*d - 55. Let o be c(-5). Let g(f) be the first derivative of f**3/3 - 7*f**2/2 + 5*f + 4. Calculate g(o).
-5
Suppose -4*m = -j + 20, 3*j = 2*m + 1 + 9. Let w(v) = -v**2 - 3*v - 4. Calculate w(m).
-14
Let a(h) = -2 + h + 19 + 3*h - 6*h. Give a(10).
-3
Let d(t) = 17*t + 1. Suppose -3*u - 5*l - 22 = 0, -3*u - 17 = 3*l - 5. Give d(u).
18
Let o(z) = z**2 - 5*z - 8. Let i be o(7). Suppose -f + i = 2*f. Let w(x) be the third derivative of -x**5/15 + x**4/8 - x**3/6 - 6*x**2 - 21. Give w(f).
-11
Let o(g) be the third derivative of g**4/24 - 5*g**3 - 293*g**2. Determine o(0).
-30
Suppose -40*l - 16 = -44*l. Suppose 2*s + 2*n = n + 1, 5*s = -l*n + 10. Let f(y) = -y + 1. Give f(s).
3
Let c(t) = 0 - 7 - 7 + 10 + t. Let h be c(10). Let p(b) be the first derivative of b**2/2 - 3*b - 1. Give p(h).
3
Let a(x) = x + 3. Let b(k) = -2*k + 9. Let q(i) = -a(i) - b(i). Give q(11).
-1
Let j(u) = -u**3 - 2*u**2 + 4*u + 2. Let f be (-24)/4 - (1 + -1). Let y be f*(-4)/(-6) + 0. Determine j(y).
18
Let q(z) = -7*z + 26. Let a(w) = 6*w - 30. Let m(r) = -6*a(r) - 7*q(r). Give m(-1).
-15
Let v = 1646 + -1645. Suppose -4*s + 1 + 7 = 0. Let a(o) = -1 + 15*o**s + o + o - o. Determine a(v).
15
Let c(y) = -92 - 14*y**2 + 13*y**2 - 4*y - 2*y + 88 - 5*y. Determine c(-9).
14
Let j = 0 + -1. Let s(d) be the first derivative of 2*d**4 + d**2/2 + d - 248. What is s(j)?
-8
Let p(s) = -5*s - 1. Let c be -56 + 1*(-5 - -2). Let h = c - -57. What is p(h)?
9
Let w(j) = -3 + j**3 + j - 6 + 6*j**2 + 4. Let g = 159 + -165. Give w(g).
-11
Let t be 119/9 + 4/(-18). Let s(v) = 25*v - 8*v + 0*v - 18*v + 6. Determine s(t).
-7
Let s(g) = -g**2 + 3*g - 10*g - 9*g + 24*g. What is s(10)?
-20
Let w(g) be the first derivative of g**4/4 - g**3/3 + 5. Suppose 5*h - 2 = 3*h. Give w(h).
0
Let o(h) = 6 + 4 - 7 + 4*h + 4. Let y(a) = 3*a + 6. Let r(k) = 4*o(k) - 5*y(k). Let i = 1 - 1. Give r(i).
-2
Suppose 40*a - 35*a = 0. Let u(x) = a - 201*x + 198*x - 2. Calculate u(2).
-8
Let l(g) = g - 4. Let a = 24 - 19. Suppose -4*